+ 4*l**2 - 2*l - 1. Let s be v(2). Suppose -2*f = -5*c + s - 31, 5*c + 20 = 0. Let h(i) = 3*i**2 - 6*i - i**3 - 4*i + 8*i + f*i. Give h(4).
-8
Let m(r) = -22*r + 701. Let j be (-222)/(-7) + (-7720)/(-17563) + 4/(-26). Calculate m(j).
-3
Let f(w) be the second derivative of -w**5/30 - w**4/12 + w**3/6 + 41*w**2/2 - 67*w + 2. Let u(m) be the second derivative of f(m). Determine u(-3).
10
Let z(l) = l + 7. Let f(k) = k + 7. Let x(s) = -6*f(s) + 5*z(s). Suppose -2*n = 4*u - 1064, -3*u + 5*n + 1074 = 289. Let i = u - 274. Calculate x(i).
2
Let o(t) = -2*t**2 - 2*t. Let r = -154 + 100. Let c = r + 57. Suppose -5*a + 8*g = c*g + 30, 5*a = -5*g + 10. Calculate o(a).
-4
Let u = 2 + -2. Let g(t) = -t + t + u + 4 + t**2. Let j(s) = -s**2 - 7*s + 147. Let w be j(9). Determine g(w).
13
Let i(k) = k**2 - 2*k. Let o be -10*(3 - 248/80). Let h(c) = 6*c**2 - 27*c - 3. Let f(b) = o*h(b) - 12*i(b). Calculate f(-2).
-21
Let v(r) = -11*r + 52*r - 15*r - 3 - 14 - 18*r. Let p(b) = -2*b + 3. Let w(n) = -10*p(n) - 2*v(n). Determine w(3).
16
Let w be 54/21 - 24/42. Suppose -a - 2 = w. Let z(h) = -18 + 14 + 3*h + 8. Calculate z(a).
-8
Suppose 0 = -14*f + 486 - 570. Let q(p) = p - 32. Give q(f).
-38
Let v(c) = 17*c - 47 - 9 + 16 - 47. Give v(5).
-2
Let l(y) = y**2 - 12*y - 1. Suppose -38*g + 438 + 162 = 12*g. What is l(g)?
-1
Let y(v) = 4*v + 6. Let r(t) = 54*t - 156. Let k(q) = -r(q) + 8*y(q). Determine k(9).
6
Let h(d) = -d + 2. Let w(g) = -6*g**2 - g - 2. Let p be w(-1). Let n = 11 + p. Suppose y = n, -y + 3 = 3*a - 7. Give h(a).
0
Let t(g) = -6 - 2*g**2 + 0*g**2 + g**2. Suppose -n + 5*q = -10, -224*q + 228*q = -n + 1. What is t(n)?
-31
Let u(m) be the first derivative of -1/2*m**2 - 4 - 4*m - 1/3*m**3. Suppose -4*t + q + 14 = -3, 4*q = 5*t - 35. What is u(t)?
-16
Let h = 109 + -105. Let a be (92/8)/(2/h). Suppose 0 = w + a - 16. Let z(k) = -k**2 - 8*k - 7. Calculate z(w).
0
Let h(a) = 7*a**3 + 3*a**2 - 37*a - 43. Let i(f) = -4*f**3 - f**2 + 21*f + 21. Let g(j) = 5*h(j) + 9*i(j). Give g(6).
-2
Let t(l) be the first derivative of l**3/3 + 10*l**2 - 18*l - 9. Let j be t(-21). Let d(w) = -w - 3 + 2 + 2*w + w**2 - w**3 + 2*w**j. Determine d(-2).
-7
Let i(l) = -6*l - 3. Let v = 585 - 466. Suppose m = 5*o + 8, 2*o + 115*m - v*m = -14. Calculate i(o).
3
Let t(w) = -w**2 + 11*w - 11. Suppose 1 = 8*l - 47. Let n be 146/l + ((-4)/3 - -1). Suppose 10*v = 7*v + n. Calculate t(v).
13
Let w(y) = 2*y - 9. Let d(h) = h**2 - 11*h - 118. Let a(j) = j**3 - 3*j**2 + 2. Let m be a(4). Let u be d(m). Determine w(u).
7
Let x(g) = 127*g - 18 + 7 + 9 - 131*g. Suppose -w + 2*o + 18 = 3*w, 0 = 4*w + 4*o - 24. Determine x(w).
-22
Let a(z) be the second derivative of 7*z**3/6 + 5*z**2/2 + 658*z. Give a(-7).
-44
Let k(s) = 2*s**2 + 8*s - 6. Let y(z) = 5*z**2 + 25*z - 18. Let c(b) = 26*b + 8. Let q be c(0). Let v(m) = q*k(m) - 3*y(m). Give v(9).
-12
Let i be (-1 + 0)*3*(-280)/60. Let k(g) = -g**2 + 13*g + 21. Give k(i).
7
Let h(j) = 17*j**3 - 8*j**2 - 14*j - 17. Let g(b) = 6*b**3 - 3*b**2 - 5*b - 6. Suppose 85 + 25 = 10*z. Let n(r) = z*g(r) - 4*h(r). Give n(-2).
12
Let r(g) = g + 27 - 5*g - g - g**3 + 5*g**2 - 12 - 17. Determine r(2).
0
Let x = 1589 - 1595. Let w(r) = -4*r**2 - 7*r + 1. Let f(j) = 7*j**2 + 13*j - 2. Let a(q) = 3*f(q) + 5*w(q). Calculate a(x).
11
Let h(b) = 3 - 5*b + b**2 - 2 + 0*b - 3*b. Let y be 15/(-20) + 562/(-8). Let k = 78 + y. What is h(k)?
-6
Let g(x) = 2*x**3 + 19*x**2 + 18*x + 76. Let p be g(-9). Let i(m) = -11*m - 21. Determine i(p).
34
Let x = -22 + 163. Let l = 140 - x. Let k(v) = 7*v + 1 + 4*v - 3*v - 2. What is k(l)?
-9
Let w(n) = -n**3 + 3*n**2 + 12*n - 5. Suppose q + 2727 = 2731. Determine w(q).
27
Let t(v) = -v**3 + 29*v**2 + 29*v + 24. Let j = -3801 + 3831. Give t(j).
-6
Let f be 1*(-2)/(-2)*11. Let c(y) = 4*y - 8*y - f + 7 - y**2. Give c(-5).
-9
Let o(a) = a**3 + 7*a**2 + 6*a - 2. Let t(y) = -y - 9. Let i(f) = 3*f + 16. Let w(x) = 3*i(x) + 5*t(x). Let g be w(-2). Give o(g).
18
Let g(j) = 2*j**2 - 1507797 + 1507792 + 7*j - 2*j. What is g(-4)?
7
Let u(c) be the third derivative of -c**5/60 - c**4/3 + 13*c**3 - 370*c**2. Give u(6).
-6
Let k(r) be the first derivative of -r**4/4 + 5*r**3/3 + 2*r**2 + 6*r + 33. Let m(z) = 32*z - 314. Let j be m(10). Give k(j).
-6
Let u(a) = -a**2 + 10*a - 19. Suppose 23*v - 47 = 20*v - 4*b, 31 = 3*v + 2*b. Give u(v).
6
Let n(a) = -3*a + 44. Let v(h) = -h**3 + 15*h**2 + 59*h - 412. Let i be v(17). Give n(i).
5
Let m(j) be the second derivative of -j**4/12 - j**3 + 1461*j. Let s(c) = 2*c + 13. Let n be s(-9). Give m(n).
5
Let f(k) = -11*k**2 + 29*k - 4. Let c(j) be the first derivative of 4*j**3/3 - 5*j**2 - 20. Let b(q) = -8*c(q) - 3*f(q). Calculate b(5).
2
Let c(h) = -3*h - 6069 + 2043 - 6*h + 2068 + 2047. Give c(9).
8
Let p(k) = -k**2 - 6*k + 6. Let w = -110 + 112. Suppose -w*h = 2, 5*g + 2*h + 0*h = 28. Suppose g = 3*q + 27. Calculate p(q).
-1
Let n(y) = y**3 + 4*y**2 + 4*y + 6. Let m be n(-3). Suppose -4*r = m*r + 28. Let p(v) be the third derivative of v**5/60 + 5*v**4/24 - v**3/6 - v**2. Give p(r).
-5
Let c(w) be the second derivative of w**5/120 + w**4/6 - 5*w**3/6 + 15*w**2/2 - 3*w - 21. Let n(a) be the second derivative of c(a). Give n(4).
8
Let p(l) = -3*l + 2 + 7*l - 11*l + l + 0. Calculate p(-2).
14
Let z(j) = -j**3 + 4*j**2 + 10*j - 2. Let n(g) = -1 + 8251*g**2 - 2*g + 3*g - 8252*g**2. Let d(x) = -2*n(x) + z(x). What is d(7)?
7
Let a(s) = -6*s - 1. Let c(z) = z + 10. Let k = -289 + 278. Let d be c(k). Determine a(d).
5
Let o(k) = -2*k + 204. Let a(z) = 37. Let d(r) = 22*a(r) - 4*o(r). What is d(-7)?
-58
Suppose 5*y + 19 - 6 = -2*n, -19 = 3*y + 4*n. Let u(p) = -17*p - 21. Give u(y).
-4
Let k(x) = -x**2 + 2*x - 5. Let i be -1 + -68 + 126/(-21). Let g be i/(-9)*(-12)/(-20). Calculate k(g).
-20
Let n(p) be the third derivative of 1/6*p**3 - 153*p**2 + 0 + 1/120*p**6 + 0*p + 1/20*p**5 - 1/12*p**4. Suppose 0 = -8*f + 4*f - 16. Give n(f).
-7
Let v(w) = -w**2 - 6*w - 3. Suppose 3*k + 424 = 2*g + 2*k, -1066 = -5*g + k. Let b = g - 218. Calculate v(b).
5
Let d(c) be the second derivative of -95*c + 3*c**2 + 0 + 4/3*c**3 + 1/12*c**4. Give d(-4).
-10
Let n be (-98)/(-34) + (9728/(-544) - -18). Let p(c) = -6*c**2 + 3*c + 4. What is p(n)?
-41
Let p(v) be the first derivative of 5*v**2/2 - 22*v + 143. What is p(7)?
13
Let t(m) = -m**2 - 65*m + 5261. Let c be t(-112). Let r(y) = 12*y + 22. Give r(c).
-14
Let o(t) be the first derivative of t**5/60 + t**4/6 - 2*t**3/3 + 121*t**2/2 + 60. Let h(n) be the second derivative of o(n). What is h(-5)?
1
Let r(d) = 14*d - 12. Let z = -8240 - -8242. What is r(z)?
16
Let a(q) be the first derivative of q**3 - 3*q**2/2 - 979. Let t(z) = -z**2 - 8*z - 7. Let u be t(-6). Let h = u - 3. What is a(h)?
6
Let b(p) = -p**2 - 14*p + 3. Let l be b(-14). Suppose -3*j - 24 = -o - 0, l*o - j - 32 = 0. Let h = -16 + o. Let g(q) = q**3 + 7*q**2 - q - 3. Determine g(h).
4
Let s(z) = 0*z**2 - 3*z**2 - 17*z - 6 - 19 - 35 - 8*z. Determine s(-5).
-10
Suppose -5*p = -17 + 202. Let m = p - -39. Let q(y) = -4*y**m - 4 + 9*y**2 - 3*y**2 - y**2 + 3*y. Determine q(-4).
0
Let c = 229 - 232. Let v(h) = 4 + 17*h - 42*h + 19*h + 9*h + 2*h**3 + 5*h**2. Give v(c).
-14
Let b(k) be the first derivative of -k**5/10 - k**4/12 + k**3/6 - 171*k**2/2 + 152. Let x(o) be the second derivative of b(o). Determine x(1).
-7
Let c(o) = -4*o - 110. Let l be c(-28). Let g(u) = u - 98*u**2 + l - 4*u - 102*u**2 - 101*u**2 + 303*u**2. What is g(3)?
11
Let n(y) be the first derivative of -y**6/360 + 3*y**5/40 - y**4/24 - 32*y**3 - 69. Let q(p) be the third derivative of n(p). Calculate q(8).
7
Let s(x) = x**3 + 8*x**2 - 10*x - 10. Let j be s(-9). Let d(v) = 9*v**2 - 2*v - 1. Determine d(j).
10
Let o(z) = 11*z**3 - 18*z**2 + 35*z - 74. Let q(j) = -4*j**3 + 6*j**2 - 12*j + 24. Let k(x) = -3*o(x) - 8*q(x). Calculate k(5).
10
Let r(w) = 2*w**3 - 39*w**2 + 18*w - 1. Let g(l) = -3*l**3 + 77*l**2 - 36*l + 2. Let c(y) = 4*g(y) + 7*r(y). Give c(-18).
1
Let d(m) = m**3 + 6*m**2 + 4*m - 2. Suppose -3*n - n + l + 314 = 0, 4*n - 2*l - 316 = 0. Suppose -9*p + 3*p = n. Let t = p + 9. Calculate d(t).
14
Suppose 2*t - 178 = -f - 187, t + 3*f + 12 = 0. Let o(u) = -u + u**2 + 0*u**2 + u**2 - 3. Determine o(t).
18
Let i(j) = 4901 + 4905 - 9798 - j. Let o = 9 - 4. Gi